6*d + 17. Suppose -6*p + 5*p - 2*g = -13, 4*p = 3*g + 19. Give a(p).
-39
Let z = -2 - -2. Let m(s) = -s**2 + z*s + 3*s + 2*s. Suppose 5*u - 2*j = 6, 136*j = 131*j + 60. Give m(u).
-6
Let l(k) = k**3 - 7*k**2 - 8*k + 2. Suppose -5*x = -x - 32. Let y be l(x). Let c(v) = -3*v + 4*v - v**y + 2*v**2. Give c(-4).
12
Let a(q) be the second derivative of -q**5/20 - 7*q**4/6 - q**3/6 - 15*q**2/2 + 3*q. Suppose -3737 = 462*o + 4344 - 1613. Give a(o).
-1
Let u(k) = 5*k**3 + 10*k**2 - 27*k + 4. Let i(w) = w**3 + 2*w**2 - w. Let x(z) = 4*i(z) - u(z). Give x(-6).
2
Let g(s) = s**3 - 3*s**2 - 11*s + 34. Let h(n) = -n**3 - 2*n**2 + 12*n + 13. Let u be h(3). Determine g(u).
6
Let z = 1/955 - -952/2865. Let h(f) be the first derivative of -f - 8 - 5*f**2 - z*f**3. What is h(-9)?
8
Let p(h) be the third derivative of -26*h**2 - 1/60*h**5 - 5/6*h**3 + 3/8*h**4 + 0 + 0*h. What is p(8)?
3
Let x(j) = -2*j**3 + 99*j**2 + 50*j + 2. Let p be x(50). Suppose -4*g = 2*d - 6, 4*g + g - 3*d = 24. Let k(a) = -4 - p*a - 2*a + g*a - a. What is k(-3)?
2
Let y(k) = -k**2 + 34*k - 209. Let j be y(8). Let d be j - (-12)/(-16)*(-352)/(-24). Let q(p) = -3*p - 38. Give q(d).
-2
Let y(x) = -2*x - 13. Let n be y(-9). Suppose -n*l - 5*p = -50 + 15, 0 = 4*l - 4*p + 12. Let h(a) = 7*a**l - 2*a + a + 3 - 2 - a. Give h(1).
6
Suppose 3*d + 41 = -4*l, 2*d + 54 = 14*l - 10*l. Let x(j) = j**2 + 14*j - 84. Calculate x(d).
11
Let h(q) = -q**3 - 13*q**2 - 4*q + 58. Let d be h(-20). Let z(m) = -3 - d*m + 1468*m + 1467*m. Give z(-2).
3
Let r(u) = -194*u + 2 - 124*u + u**2 + 327*u. Let j = 3 + -11. Calculate r(j).
-6
Let b(n) = -4 + 2 - 4*n + 3*n. Let a(y) = -419*y - 2518. Let h be a(-6). What is b(h)?
2
Let z = 19293 + -19294. Let j(l) = 11*l**2 + 1. Give j(z).
12
Suppose -4*t - 11 - 9 = 0, -2*t - 16 = -2*n. Let v(a) = a**n + 15 + 9 - 7*a**2 + 4*a - 18. Suppose -7*u + 28 = -14. Give v(u).
-6
Suppose -465 = -4*r - 453. Let l(b) = r*b - 11 - b + 20 + 2. Calculate l(-11).
-11
Let y(r) = -10*r**2 + 3*r + 16. Let o be y(-3). Let j = o + 22. Let z = 59 + j. Let q(c) = c**2 + 2*c + 1. What is q(z)?
1
Let m = 212 + -209. Suppose -b + m = -4*n, 3*n + n + 18 = -2*b. Let j(a) = -a. Give j(b).
5
Let i be (-13)/(-702)*0 - (1 + -14). Let b(m) be the second derivative of m**3/6 - 25*m**2/2 + m. What is b(i)?
-12
Let w(b) be the first derivative of -b**3/3 - 6*b**2 + 20*b + 1210. Give w(-14).
-8
Let x(q) = -8*q - 36. Let n be (-4 + -1 + 1 + 6)*-2. Determine x(n).
-4
Let g(w) = w**2 + 13*w + 14. Let f be g(-12). Let o(r) = f*r + 28*r**2 - 18*r**2 - 11*r**2 + 6. What is o(3)?
3
Let v(c) be the third derivative of c**5/10 - 5*c**4/24 + 5*c**3/6 + 820*c**2. Determine v(2).
19
Let m(s) = 23*s + 14. Let x(c) = 54*c + 23. Let h(y) = -5*m(y) + 2*x(y). Determine h(-3).
-3
Let p(r) be the third derivative of -r**6/120 - r**5/6 + 2*r**4/3 + 19*r**3/6 + 5*r**2 + 116*r. What is p(-11)?
-36
Let z(h) = h**3 - 20*h**2 - 19*h - 33. Suppose -3*n + 207 = -3*d + 138, -29 = -n + 4*d. Determine z(n).
9
Let g(w) = 8*w**2 - 151*w - 14. Let u be g(19). Let f(n) = -21*n + 104. Determine f(u).
-1
Suppose -145*s - 256 = -153*s. Let i be -1*5*s/(-40) + -1. Let n(f) = -4*f**3 + 1. Let d(t) = -5*t**3 - t + 1. Let x(y) = 3*d(y) - 4*n(y). Calculate x(i).
17
Suppose -4*q - 5*p + 85 - 21 = 0, 0 = 2*q + 2*p - 30. Suppose -4 = n - r, q*r + 12 = -3*n + 9*r. Let h(t) = t - 12. Determine h(n).
-16
Let n(r) be the first derivative of 30*r**2 - 2*r - 1037. Give n(-1).
-62
Suppose 7*h - 4*h + 12 = 0. Let w(m) = -2*m**2 - m - 1. Let l(f) = -f**2. Let u(p) = h*w(p) + 7*l(p). Let o(b) = -b**2 + 12*b + 9. Let s be o(13). What is u(s)?
4
Let h be 250/((6/4 + -1)*-4). Let j be 5 - ((-1300)/h - 6/(-10)). Let q(z) be the third derivative of -z**4/8 - z**3/2 + z**2. Determine q(j).
15
Let u be (26/39)/(4/18). Let q(z) = -4*z**2 - u*z**2 + 7 + 6*z**2 + 3*z - 7*z. Give q(-6).
-5
Let v(q) = -22*q**2 + 16*q + 14. Let a(i) = 40*i**2 - 30*i - 29. Let c(o) = -6*a(o) - 11*v(o). Calculate c(-9).
146
Let l(d) be the second derivative of 1/15*d**5 + 2*d**2 + 5/6*d**3 + 0 + 6*d - 1/120*d**6 + 1/4*d**4. Let y(u) be the first derivative of l(u). Give y(5).
10
Let r(z) be the third derivative of -7*z**5/30 - z**4/8 - 2*z**3/3 + 4350*z**2. Calculate r(-1).
-15
Suppose 34*z = 31*z + 3*q + 21, q - 47 = -5*z. Let g(w) = 10*w - 16. Calculate g(z).
74
Let v(z) be the third derivative of -1/24*z**4 - 7*z**2 - 3/40*z**5 + 10/3*z**3 + 0*z + 0. Let m(j) be the first derivative of v(j). Determine m(-1).
8
Let b(u) = -9*u**3 - 39*u**2 - 27*u - 4. Let n(a) = 4*a**3 + 18*a**2 + 13*a + 1. Let r(s) = 3*b(s) + 7*n(s). Determine r(-8).
-21
Let c(r) = 3*r + 1. Let y(o) = -5*o - 2. Let v(h) = -8*c(h) - 5*y(h). Let i be -4 + 7 + -1 + 17. Suppose -7*x - i = -61. What is v(x)?
8
Let u(n) be the third derivative of n**6/120 - 7*n**5/60 - 5*n**4/24 - 11*n**3/6 - 1758*n**2 + 3*n. Let s be 10 + (-1)/((-2)/(-4)). Give u(s).
13
Let v(d) be the third derivative of -d**7/420 + d**6/90 - d**5/40 + d**4/12 - 41*d**3/6 + d**2 + 19*d. Let p(m) be the first derivative of v(m). Calculate p(2).
-4
Suppose 0 = 4*y - 16 + 216. Suppose -3*k - 57 - 50 = 25. Let m = y - k. Let n(d) = 2*d + 5. Give n(m).
-7
Let i be (5 - 5) + 3*(-16)/(-12). Let n(j) = -4*j**2 + j**3 + 13*j**2 - i*j**2 - 2 - 2*j. Suppose 4*r + 5 = 3*r. Determine n(r).
8
Let k(w) = 10*w**2 - 27*w - 3. Let q(r) = -3*r**2 + 8*r + 1. Let s(x) = x**3 - 4*x**2 - 3*x - 3. Let p be s(5). Let c(a) = p*q(a) + 2*k(a). Calculate c(-3).
-14
Let o(i) = -i**3 + 11*i**2 + 8*i - 6. Let t(n) = -n**3 + 12*n**2 + 8*n - 7. Let l(r) = -6*o(r) + 5*t(r). Let h = 503 - 496. Give l(h).
-6
Let x be -29 - 4*(2 + (-27)/6). Let w(b) = -b**3 - 19*b**2 + 2*b + 22. Calculate w(x).
-16
Suppose i - 8 = -4. Suppose -n = i*n + 30. Let x(c) = -411*c + 825*c - 5 - 1 - 413*c. What is x(n)?
-12
Let t(i) be the second derivative of -i**4/12 + 3*i**3/2 - 8*i**2 + 138*i. Let w be 2/12*4 - 247/(-39). Give t(w).
-2
Let p(t) = 31 - 334*t + 748*t - 28*t**2 - 353*t - t**3. What is p(-30)?
1
Let i(h) = h**2 - 8 + 3 + 0*h**2 - 6*h + 0*h**2. Let q be i(6). Let r be -1*(-2 + 11) - (q + 2). Let d(o) = -o**3 - 6*o**2 - 4. What is d(r)?
-4
Let m(s) = -2*s**3 - 2*s + s**3 + 2*s. Let l(a) = -a**3 + 5*a**2 + 21*a - 49. Let i be l(7). Suppose i*g - 6*g = 0. Determine m(g).
0
Suppose 0 = -24*l + 23*l + 11. Let u(t) be the third derivative of -t**4/24 + 8*t**3/3 + 917*t**2. What is u(l)?
5
Suppose 0 = 5*d - 2*d - 36. Let a(s) be the first derivative of -s**2/2 + 7*s - 1174. What is a(d)?
-5
Let x = -3280 - -3266. Let t(w) = w. Determine t(x).
-14
Suppose 3*h - 376 = -4*a + 156, -h + 394 = 3*a. Let g(w) = -127 + w - 4*w + a. Calculate g(3).
-6
Let v be ((-28)/(-10))/(78/195). Let k(i) = -i**2 - 3 + 6*i + 6 - 5 + 3*i. Determine k(v).
12
Let o(u) = 14*u + 28960*u**3 + 1 - 28959*u**3 - u - 10*u**2. Determine o(7).
-55
Let v(g) = -99*g**3 - g**2 + 34*g**3 + 24*g**3 + 36*g**3. Let i(q) = -q**2 + q + 4. Let p be i(3). What is v(p)?
36
Let i(s) = -3*s**2 - 4*s + 1. Let l be i(-2). Let c(m) = -m**2 + m - 1. Let t = -116 - -114. Let z(y) = y**2 - y + 1. Let x(r) = l*z(r) + t*c(r). Give x(0).
-1
Suppose 25*h - 108 = -29*h + 18*h. Let j be (-1 - -3) + 0 + 0. Let p(b) = h + 1 - j - 2*b. Give p(2).
-2
Let x = -3869 + 3865. Let h(n) = 2*n**2 + 2*n - 10. Calculate h(x).
14
Let m be 2 + -1*52/2. Let x = -24 - m. Suppose x = -2*i - 0 - 4. Let y(d) = -3*d**2 + 2*d + 3. Determine y(i).
-13
Let l(b) be the first derivative of 4*b**2 - 19*b + 57. Let c be l(3). Let f(i) = -i**3 + 3*i**2 + 5*i + 2. Give f(c).
-23
Let z(j) = -3094*j + 3095*j + 2 - 1. Let r(m) = 3*m + 8. Let k(c) = -c**3 + 14*c**2 + 16*c - 18. Let x be k(15). Let i be r(x). Determine z(i).
0
Suppose 6*j - j = 30. Let k(r) = j + 201*r**2 - 398*r**2 + 6*r + 196*r**2. Suppose n = 2*a - 16, 0 = -a - 2*n - 1 + 4. Calculate k(a).
-1
Let j(a) = -a**3 - 4*a**2 + 2*a - 6. Suppose 144 = -4*h - 0*h. Let b = 52 + -21. Let v = h + b. Determine j(v).
9
Let u(o) = -2*o - 52. Suppose -r + 51 = -2*i, 35*i - 98 = 39*i + 2*r. Calculate u(i).
-2
Let w(v) = -64*v - 20. Let n(q) = 55*q + 18. Let j(x) = -9*n(x) - 8*w(x). Calculate j(5).
83
Let u(c) = 0*c - c - 8 + 3*c. Let d(x) = 8*x**3 - 641*x**2 + 80*x + 10. Let z be d(80). Calculate u(z).
12
Let x(i) = -i**3 - i**2 + 23*i - 9. Let b be x(4).